{"id":68,"date":"2023-07-05T06:52:10","date_gmt":"2023-07-05T04:52:10","guid":{"rendered":"http:\/\/retourenoceanie.fr\/?page_id=68"},"modified":"2023-07-26T12:01:00","modified_gmt":"2023-07-26T10:01:00","slug":"les-kangourous","status":"publish","type":"page","link":"https:\/\/retourenoceanie.fr\/index.php\/les-kangourous\/","title":{"rendered":"Les kangourous"},"content":{"rendered":"\n<p><\/p>\n\n\n\n<figure class=\"wp-block-image size-full\"><img loading=\"lazy\" decoding=\"async\" width=\"1024\" height=\"672\" src=\"http:\/\/retourenoceanie.fr\/wp-content\/uploads\/2023\/07\/5FC0520B-A1FE-49B1-9F40-2F6FC2216327.jpeg\" alt=\"\" class=\"wp-image-73\" srcset=\"https:\/\/retourenoceanie.fr\/wp-content\/uploads\/2023\/07\/5FC0520B-A1FE-49B1-9F40-2F6FC2216327.jpeg 1024w, https:\/\/retourenoceanie.fr\/wp-content\/uploads\/2023\/07\/5FC0520B-A1FE-49B1-9F40-2F6FC2216327-300x197.jpeg 300w, https:\/\/retourenoceanie.fr\/wp-content\/uploads\/2023\/07\/5FC0520B-A1FE-49B1-9F40-2F6FC2216327-768x504.jpeg 768w\" sizes=\"auto, (max-width: 767px) 89vw, (max-width: 1000px) 54vw, (max-width: 1071px) 543px, 580px\" \/><figcaption class=\"wp-element-caption\">Beautiful family of wild Eastern Grey Kangaroos looking at camera, Queensland, Australia.<\/figcaption><\/figure>\n\n\n\n<p>On estime les kangourous d&rsquo;Australie \u00e0 cinquante millions d\u2019individus soit le double de la population humaine. Les kangourous sont nocturnes. La queue du kangourou lui sert de&nbsp;<a href=\"https:\/\/fr.m.wikipedia.org\/wiki\/Tr%C3%A9pied\">tr\u00e9pied<\/a>&nbsp;au repos, et de&nbsp;<a href=\"https:\/\/fr.m.wikipedia.org\/wiki\/Balancier\">balancier<\/a>&nbsp;quand il saute&nbsp;: cette locomotion est appel\u00e9e \u00ab&nbsp;crawl-walking&nbsp;\u00bb en anglais, litt\u00e9ralement \u00ab&nbsp;la marche rampante&nbsp;\u00bb.<\/p>\n\n\n\n<p>C\u2019est un redoutable combattant dont il faut se m\u00e9fier.<\/p>\n\n\n\n<figure class=\"wp-block-embed is-type-rich is-provider-prise-en-charge-des-contenus-embarques wp-block-embed-prise-en-charge-des-contenus-embarques wp-embed-aspect-16-9 wp-has-aspect-ratio\"><div class=\"wp-block-embed__wrapper\">\n<iframe loading=\"lazy\" title=\"Les kangourous sont taill\u00e9s pour le combat\" width=\"525\" height=\"295\" src=\"https:\/\/www.youtube.com\/embed\/06v-CU6ExOQ?feature=oembed\" frameborder=\"0\" allow=\"accelerometer; autoplay; clipboard-write; encrypted-media; gyroscope; picture-in-picture; web-share\" referrerpolicy=\"strict-origin-when-cross-origin\" allowfullscreen><\/iframe>\n<\/div><\/figure>\n\n\n\n<p>On d\u00e9nombre 65 esp\u00e8ces de kangourous pr\u00e9sents sur le territoire australien.<\/p>\n\n\n\n<p>Il est sans conteste l\u2019embl\u00e8me de l\u2019Australie, la compagnie a\u00e9rienne nationale Quantas arbore fi\u00e8rement sur chacun de ses avions le c\u00e9l\u00e8bre marsupial:<\/p>\n\n\n\n<figure class=\"wp-block-image size-full\"><img loading=\"lazy\" decoding=\"async\" width=\"602\" height=\"353\" src=\"http:\/\/retourenoceanie.fr\/wp-content\/uploads\/2023\/07\/07607F4F-4304-4FD4-9A75-2448A1A38E84.jpeg\" alt=\"\" class=\"wp-image-94\" srcset=\"https:\/\/retourenoceanie.fr\/wp-content\/uploads\/2023\/07\/07607F4F-4304-4FD4-9A75-2448A1A38E84.jpeg 602w, https:\/\/retourenoceanie.fr\/wp-content\/uploads\/2023\/07\/07607F4F-4304-4FD4-9A75-2448A1A38E84-300x176.jpeg 300w\" sizes=\"auto, (max-width: 602px) 100vw, 602px\" \/><\/figure>\n","protected":false},"excerpt":{"rendered":"<p>On estime les kangourous d&rsquo;Australie \u00e0 cinquante millions d\u2019individus soit le double de la population humaine. Les kangourous sont nocturnes. La queue du kangourou lui sert de&nbsp;tr\u00e9pied&nbsp;au repos, et de&nbsp;balancier&nbsp;quand il saute&nbsp;: cette locomotion est appel\u00e9e \u00ab&nbsp;crawl-walking&nbsp;\u00bb en anglais, litt\u00e9ralement \u00ab&nbsp;la marche rampante&nbsp;\u00bb. C\u2019est un redoutable combattant dont il faut se m\u00e9fier. On d\u00e9nombre 65 &hellip; <\/p>\n<p class=\"link-more\"><a href=\"https:\/\/retourenoceanie.fr\/index.php\/les-kangourous\/\" class=\"more-link\">Continuer la lecture<span class=\"screen-reader-text\"> de &laquo;&nbsp;Les kangourous&nbsp;&raquo;<\/span><\/a><\/p>\n","protected":false},"author":1,"featured_media":0,"parent":0,"menu_order":0,"comment_status":"closed","ping_status":"closed","template":"","meta":{"footnotes":""},"class_list":["post-68","page","type-page","status-publish","hentry"],"_links":{"self":[{"href":"https:\/\/retourenoceanie.fr\/index.php\/wp-json\/wp\/v2\/pages\/68","targetHints":{"allow":["GET"]}}],"collection":[{"href":"https:\/\/retourenoceanie.fr\/index.php\/wp-json\/wp\/v2\/pages"}],"about":[{"href":"https:\/\/retourenoceanie.fr\/index.php\/wp-json\/wp\/v2\/types\/page"}],"author":[{"embeddable":true,"href":"https:\/\/retourenoceanie.fr\/index.php\/wp-json\/wp\/v2\/users\/1"}],"replies":[{"embeddable":true,"href":"https:\/\/retourenoceanie.fr\/index.php\/wp-json\/wp\/v2\/comments?post=68"}],"version-history":[{"count":8,"href":"https:\/\/retourenoceanie.fr\/index.php\/wp-json\/wp\/v2\/pages\/68\/revisions"}],"predecessor-version":[{"id":159,"href":"https:\/\/retourenoceanie.fr\/index.php\/wp-json\/wp\/v2\/pages\/68\/revisions\/159"}],"wp:attachment":[{"href":"https:\/\/retourenoceanie.fr\/index.php\/wp-json\/wp\/v2\/media?parent=68"}],"curies":[{"name":"wp","href":"https:\/\/api.w.org\/{rel}","templated":true}]}}